 z(h) = h**3 + 3*h**2 - 3*h. Calculate z(y).
-4
Let x(d) = -d - 7. Let j be x(-5). Let p be 12/7 - j/7. Let a(s) = -3*s - 2 + 1 + p*s + 3*s**2. Give a(-1).
3
Let j(d) = d. Let u(r) = -r**2 - 13*r - 6. Let z(s) = 5*j(s) + u(s). Calculate z(-5).
9
Let s be (3 + -2)/3*-6. Let b(u) = -u**3 - 2*u**2 + 1. Determine b(s).
1
Let p = -9 + 11. Let n(t) = -2*t + t + p*t. Suppose 4*k + 5*q = 23, 0 = -3*k - q + 3*q. Calculate n(k).
2
Suppose -4*t + 5*j = -7*t - 37, -5*j - 9 = -4*t. Let s = -3 + t. Let z(v) = -v**2 - 6*v + 9. Let n be z(s). Let q(i) = -i**2 - 2*i + 1. Determine q(n).
-7
Let i(t) = t**2 + 2*t - 5. Let y(g) = -g**3 + 3*g + 5*g**2 - g - 3*g + 1. Let k be y(5). Calculate i(k).
3
Let o(z) be the third derivative of z**6/120 + z**5/12 + z**4/8 - z**3/3 + 3*z**2. Determine o(-4).
2
Let u(s) be the third derivative of 0 + 1/24*s**4 + 2*s**2 - 1/6*s**3 + 0*s - 1/24*s**5. Let z(c) be the first derivative of u(c). Calculate z(-1).
6
Let y(h) = -h**3 - 5*h**2 - 1. Suppose 4*j - 27 = 53. Suppose 0 = 4*p + j. Calculate y(p).
-1
Suppose 0 = -4*s + 2*t - 1 + 23, 0 = 3*s - 5*t - 34. Let h(g) be the third derivative of -g**6/120 + g**5/30 - g**4/24 + g**3/6 + 2*g**2. Calculate h(s).
-11
Suppose 0 = -3*n + 5*u - 38, 0*u - 20 = 2*n - 2*u. Let l(o) = o**2 - 5*o - 3. Let k(b) = b**2 - 7*b - 4. Let t(q) = 5*k(q) - 6*l(q). Calculate t(n).
-8
Suppose -4*f + 22 = -3*i - 0*f, -4*f + 16 = 0. Let h = i - -4. Let b(u) = -2*u**2 + 3*u - 2. Calculate b(h).
-4
Let h(a) be the first derivative of a**4/12 + 2*a**3/3 + a**2 - a + 2. Let g(r) be the first derivative of h(r). Suppose 2*z - 4*z = 6. Determine g(z).
-1
Let j(r) be the third derivative of -r**6/120 - r**5/30 + r**4/8 + r**3/3 - 44*r**2 + 2. Suppose 2*c + 1 = -3. Give j(c).
-4
Let w(c) = c**3 - 7*c**2 + 4*c + 6. Let p = -38 + 44. Give w(p).
-6
Suppose 0 = -3*d + 4*d. Let y be d/(-3)*4/8. Let b(q) be the second derivative of -q**4/12 + q**3/6 + 3*q**2/2 - q. What is b(y)?
3
Let j = -15 - -12. Let l = j + -1. Let c(f) = f**2 + 8*f + 6. Calculate c(l).
-10
Let v = -19 + 12. Let z = v + 12. Let x(d) = -d + 5. What is x(z)?
0
Let m(z) = -z**2 + z + 7. Suppose 2 = -4*d + 5*j, 0*j + 4 = 2*j. Suppose -4*g + 12 = 2*h, 4*h + d + 7 = 3*g. Give m(h).
7
Suppose 0 = -2*q + 1 - 27. Let w(d) = d**3 + 13*d**2 - 5. Calculate w(q).
-5
Let v(z) = 3*z + 1. Let i(c) = 3*c + 1. Let j(r) = 7*i(r) - 6*v(r). Calculate j(6).
19
Let d(a) = a**2 - 5*a + 6. Let l(t) = t**3 + t - 1. Let c(j) = -d(j) - 6*l(j). Calculate c(-1).
6
Let f(m) = 2 + m**2 - 5 - 1 - 6*m**2 + m**3. Suppose 2*q + q - 32 = -4*k, -4*q + 36 = 4*k. Determine f(k).
-4
Let w(y) = y**3 - y + 1. Let h(a) = 4*a**3 + 6*a**2 - 5*a - 2. Let z(q) = h(q) - 5*w(q). Let f be (-3)/5 - (-330)/50. Give z(f).
-7
Let p(a) = -a**3 + a**2 + 1. Let h(i) = -i**2 - 7*i. Suppose -23 = 5*n + 3*g + g, 0 = -n - 5*g + 8. Let c be h(n). Suppose s + s = c. Determine p(s).
1
Suppose 0 = -m + 4*m - 6. Let l(q) = 2*q**2 - 7*q**2 - 2*q**m + q**3 + 5*q + 2. Determine l(6).
-4
Suppose 2*h - 10 - 2 = 0. Let q(c) = c**2 + c + 2. Let r be q(h). Let y be (-4)/(-22) + (-96)/r. Let a(t) = t**3 - 2*t - 1. Determine a(y).
-5
Let u(y) = y**3 - 8*y**2 + 7*y + 4. Let p = 30 + -23. What is u(p)?
4
Let d(h) be the first derivative of -h**3/3 + 5*h**2/2 - 2*h + 2. Suppose -3*w + w - 3*t = -6, 0 = -2*t. Determine d(w).
4
Suppose 0*z = z + 2. Let f(j) = j**2 - j. Give f(z).
6
Let b(c) = -c - 1. Let u(f) = -2 - f**2 + 6*f + 5 - 4. Let l(y) = 2*b(y) + u(y). Give l(2).
1
Let t be (-1 - (-25)/5) + 4. Let j(c) = c - 3. What is j(t)?
5
Suppose -n + 2*f + 6 = f, 4*f = -2*n. Let p(q) = q**2 - 4*q + 2. Let d be p(n). Let o(y) = -y**3 + 2*y**2 + y - 2. Determine o(d).
0
Let j be (1/(-2))/((-3)/6). Let i(d) = 1 + d + 1 - j - 4. Determine i(-4).
-7
Let w(n) be the first derivative of n**3/3 - n**2/2 + 8*n + 4. Determine w(0).
8
Let w(l) = 5*l**2 + 16*l + 5. Let v(o) = -6*o**2 - 17*o - 5. Let s(j) = -4*v(j) - 5*w(j). Calculate s(-12).
-5
Let l(u) = u + 4. Let m = 29 - 35. What is l(m)?
-2
Suppose -4*a = a - 15. Let g(n) = 3 + 7 + 4*n - a - 6*n. What is g(6)?
-5
Let l be -2*1*((-235)/(-60) + -4). Let c(o) be the third derivative of 2*o**2 + 0*o + l*o**3 - 1/30*o**5 + 1/6*o**4 + 0. What is c(3)?
-5
Let p(q) be the third derivative of -q**4/24 + 2*q**3/3 + 41*q**2. Calculate p(8).
-4
Let v(d) = d**3 - 3*d + d - d**2 + 3 + 3*d + 4. Let h(c) = c + 4. Let t be h(-4). Calculate v(t).
7
Let f(c) = -2*c**2 - c + 2. Suppose 3*t = 4*t - 8. Suppose 3*h - t = h. Suppose 2*o - 7 = y, -1 = -h*y - 13. Determine f(o).
-8
Suppose 5*v - 15 = 3*j, -3*j = 4*v - 9 - 3. Let c(g) = 6 - 7*g - 5 - g + j*g. Calculate c(-1).
9
Suppose 6*r - r = 3*k - 11, -r = -5*k + 11. Let s be 2/6 - k/6. Let a(x) = x - 12. What is a(s)?
-12
Suppose 12 = -0*g + g - 3*z, 0 = -3*g - 3*z. Suppose -t + 2*p - 3*p = 11, 3*p - 3 = g*t. Let c(a) = -a**2 - 7*a - 1. Give c(t).
5
Suppose -5*l + l = -36. Let t(s) = s**2 - 11*s + 12. Determine t(l).
-6
Suppose 5*c - 3*a = -18, -7 = c - 0*c - 4*a. Let v = 17 - 22. Let l = c - v. Let m(h) = -2*h. Give m(l).
-4
Suppose 5*d - 62 = -12. Suppose -d = -l - l. Let r(w) = 2*w - 1. Let t(n) = n. Let k(f) = 6*r(f) - 10*t(f). Give k(l).
4
Let s(z) = -z**3 + 14*z**2 - 5*z**2 - 5 + 0*z**3 + 10*z. Calculate s(10).
-5
Let p(i) = -i + 3. Let j(u) = 3*u**2 - 3*u + 3. Let f be j(1). Determine p(f).
0
Let g(m) be the first derivative of m**3/3 + m**2/2 - 5*m - 26. Calculate g(-4).
7
Let p = -25 + 28. Let d(s) be the second derivative of -1/6*s**p + 1/2*s**2 + 0 + s. What is d(4)?
-3
Let c be (2/3)/((-6)/18). Let q(o) = -4*o + 3*o + o**3 - o. Determine q(c).
-4
Let q(o) = -o - 11. Suppose 3*r + 15 = -3*i, -3 = -2*i - 1. Calculate q(r).
-5
Let k(g) = -6*g**2 + 2. Let h(l) = l**2 + 2*l. Let u(j) = j**2 + 3*j. Let z(m) = -3*h(m) + 2*u(m). Let c(t) = k(t) - 5*z(t). What is c(-3)?
-7
Let f(o) = 20*o**3 - 3 - 3*o**3 - 12*o**3 - 7*o**2 - 4*o**3 + o. Determine f(7).
4
Let p(n) = 15 - 6 - n - 5. Calculate p(6).
-2
Let w(z) = z**3 + 3*z**2. Let t be 2/(2 + 30/(-16)). Suppose -t + 7 = 3*m. Determine w(m).
0
Let c = -1 - -1. Suppose 0 = -2*h - 3*w + 11, -4 = -2*h + 4*w - c. Let q(a) = -a**2 + 4*a. Calculate q(h).
0
Let g(k) = -3*k + 4. Let q(a) = -12*a**3 - a - 1. Let l be q(-1). Suppose 5*u - l = 2*o, 5*o = 2*u + o + 8. Determine g(u).
-8
Let x(b) be the third derivative of -11*b**5/60 - b**3/6 + 22*b**2. What is x(1)?
-12
Let s(i) be the third derivative of 0*i**3 + 0*i + 5*i**2 + 1/3*i**4 + 0. Calculate s(-1).
-8
Suppose 9 = -10*s - 1. Let h(r) = -4*r**2 + r + 1. Give h(s).
-4
Let b(i) be the first derivative of -i**3/3 - i**2/2 + 8*i + 46. Calculate b(0).
8
Let v be ((-2)/(-2))/(-2)*0. Let c(j) = -2*j**2 + 0 - 2 - 2*j**2 - 4*j + v*j**3 - j**3. Determine c(-3).
1
Suppose 5*q - 10 = -55. Let z(w) = -w**2 - 10*w - 11. Give z(q).
-2
Let z(i) be the third derivative of i**4/24 - i**2. Suppose -8 = 3*l + 7. Give z(l).
-5
Let w(n) = 3*n**3 + n**2 - n. Let d be 12/10 + 7/(-35). Calculate w(d).
3
Let u(g) = -9*g**2 - 2*g + 5*g**2 - 51 + 51. Determine u(2).
-20
Let a(m) = -4 + m**2 - m**2 - m + m**2 + 3. What is a(0)?
-1
Let f(o) = -o**3 + 2*o + 1. Suppose -3 = 3*q - 0*u + u, 0 = 4*u + 12. Suppose q = -4*n + 2*n - 4. What is f(n)?
5
Let z(u) = u**2 - 4*u + 3. Let j be z(2). Let p(a) = a - 1. Let q(i) = i - 2 + 0 + i. Let v(f) = -7*p(f) + 4*q(f). Calculate v(j).
-2
Let x(q) be the third derivative of q**6/360 + q**5/60 + q**4/8 - 3*q**2. Let j(m) be the second derivative of x(m). Determine j(-3).
-4
Suppose -c + 15 = 2*c. Let w(j) = 5*j - 2. Let d be (-2 + 2)/(-1) + 7. Let u(q) = 2*q - 1. Let p(v) = d*u(v) - 3*w(v). Give p(c).
-6
Let w(u) = -9*u**3 + 17*u**2 + 6*u - 5. Let c(l) = 5*l**3 - 9*l**2 - 3*l + 3. Let k(h) = 11*c(h) + 6*w(h). What is k(-2)?
1
Let f(y) = -y**2 - 5*y - 1. Let r = -6 - -3. Calculate f(r).
5
Let r(m) be the third derivative of 0 + 0*m + 1/6*m**3 - 1/6*m**4 - 1/30*m**5 + 2*m**2. Let x be (0 - (-1 - 2))/(-1). Calculate r(x).
-5
Let l(h) = 9*h**2 - 6 - 8*h - 598*h**3 + 597*h**3 + 0. Calculate l(8).
-6
Let o(c) = 19*c - 7*c - 11*c + c**2 - 2. Give o(0).
-2
Suppose 14 - 5 = 2*v + u, -4*v - 2 = -2*u. Let a(b) be the second derivative of 2*b - 5/6*b**3 - 1/12*b**4 + 0 + 2*b**v. Determine a(-5).
4
Let g(b) be the first derivative of 2*b - 1/2*b**2 - 3. Give g(2).
0
